base 10, what is 739168 + 5?
739173
In base 5, what is 4 + -11243332?
-11243323
In base 8, what is -216067 - 25?
-216114
In base 3, what is 211011222 + -1?
211011221
In base 15, what is 1 + -6ada?
-6ad9
In base 12, what is -b2830 - -3?
-b2829
In base 11, what is 5a - -193?
242
In base 2, what is -101111010 - 11010000010?
-11111111100
In base 12, what is -664714 - 3?
-664717
In base 4, what is -1000 - 111223?
-112223
In base 9, what is -8178 - 10?
-8188
In base 16, what is -5 + 7e2b7?
7e2b2
In base 3, what is 111200200 - 10?
111200120
In base 16, what is -b0c4 + 2?
-b0c2
In base 13, what is 3b958 - 1?
3b957
In base 13, what is 2bb + -c?
2ac
In base 6, what is 42354 - 115?
42235
In base 3, what is 12 - -21101112?
21101201
In base 9, what is 2 + 1332880?
1332882
In base 6, what is -5 + 110450?
110441
In base 3, what is -2011210 - -1020122?
-221011
In base 2, what is -1 + -100010110010000100?
-100010110010000101
In base 12, what is 3091 - -107?
3198
In base 7, what is -426644 - -2?
-426642
In base 8, what is -217 - -1403?
1164
In base 8, what is 11 + 2344645?
2344656
In base 11, what is -3590 - -4a?
-3541
In base 14, what is -7 + 50bb?
50b4
In base 16, what is -92f2 + 4?
-92ee
In base 9, what is -26 + -173336?
-173363
In base 11, what is -4 - -120057?
120053
In base 7, what is 10 + -1214?
-1204
In base 5, what is 14420 + 302?
20222
In base 16, what is 2034b + -6?
20345
In base 12, what is a9aa21 - -1?
a9aa22
In base 6, what is 10242 - -2312?
12554
In base 12, what is -919 - -90?
-849
In base 4, what is 21033032 - -101?
21033133
In base 13, what is -41 - 2667?
-26a8
In base 6, what is -2 - -15544420?
15544414
In base 7, what is -164403 - -1?
-164402
In base 14, what is -1150 - 6a?
-11ba
In base 3, what is 10 + -10002102000102?
-10002102000022
In base 8, what is -4 + 3102213?
3102207
In base 15, what is -336a - -58?
-3312
In base 4, what is -3 - 21302300?
-21302303
In base 14, what is -161 - 3a?
-19b
In base 10, what is 259 - -330?
589
In base 5, what is -1 - -4411001?
4411000
In base 9, what is 44232 + 3?
44235
In base 10, what is 9278 - 4?
9274
In base 12, what is 28a7 - -5?
28b0
In base 12, what is 36554 - -6?
3655a
In base 7, what is -11 - -1400625?
1400614
In base 4, what is -221022301 - 3?
-221022310
In base 16, what is -66c - -2ab?
-3c1
In base 2, what is 101001000101 + 11001010?
101100001111
In base 8, what is 3 + 1370627?
1370632
In base 16, what is 3a - -2948?
2982
In base 9, what is -5 - 37236?
-37242
In base 11, what is -146 - 3a9?
-544
In base 16, what is 1 + -481b7?
-481b6
In base 13, what is 2816 + 0?
2816
In base 4, what is -2 - -12213333?
12213331
In base 8, what is 274644 + -25?
274617
In base 7, what is 124234 - -13?
124250
In base 4, what is -3 + 1032221?
1032212
In base 10, what is -4541 + -234?
-4775
In base 6, what is 3551 - 204?
3343
In base 3, what is 1 + 121210021121?
121210021122
In base 16, what is -2 + 11f?
11d
In base 4, what is 12213220 + -3?
12213211
In base 11, what is 5 + -109a8?
-109a3
In base 4, what is -12 + -321112210?
-321112222
In base 2, what is -10 + 11001111111110010?
11001111111110000
In base 2, what is 100010110001110 + -1000?
100010110000110
In base 16, what is 54b + 13?
55e
In base 5, what is -43322 + -10?
-43332
In base 5, what is 22110 + 442?
23102
In base 2, what is 110010011111 - 10001?
110010001110
In base 2, what is -10010 - -10100011001101?
10100010111011
In base 7, what is 12340354 - -2?
12340356
In base 12, what is -13 - -116a?
1157
In base 9, what is 7713 + -86?
7616
In base 10, what is -5204 + 137?
-5067
In base 6, what is -20 - -20352?
20332
In base 16, what is -192 - 249?
-3db
In base 14, what is 1 + -310d?
-310c
In base 14, what is 3d458 + 1?
3d459
In base 3, what is -21210 - 1211201?
-2010111
In base 13, what is 877a77 - 3?
877a74
In base 16, what is aac6 + 3?
aac9
In base 11, what is 4 + 1796aa?
179703
In base 10, what is -44 + 70?
26
In base 14, what is -22a5 - 8?
-22ad
In base 10, what is -4308673 - -1?
-4308672
In base 14, what is -5 + -3d49?
-3d50
In base 12, what is -109a78 + -9?
-109a85
In base 16, what is -3 + dee5?
dee2
In base 11, what is -31002 - 5?
-31007
In base 8, what is -4 - 421366?
-421372
In base 3, what is -12 - -100000200221?
100000200202
In base 6, what is -44 + 132451?
132403
In base 8, what is -1005 - 2122?
-3127
In base 3, what is -2012011122210 + -11?
-2012011122221
In base 12, what is 495835 - 3?
495832
In base 15, what is 13 - -12a?
13d
In base 3, what is 1000220 - 22200?
201020
In base 16, what is 1eb95 + e?
1eba3
In base 7, what is -1231 + -315?
-1546
In base 4, what is 13 - -322211133?
322211212
In base 9, what is 56 + 657?
724
In base 15, what is 1 + 5c2?
5c3
In base 6, what is -410132 - -2?
-410130
In base 12, what is 9 + -5755?
-5748
In base 7, what is 3016254 + 0?
3016254
In base 4, what is 1003203 - 1020?
1002123
In base 13, what is -51a - 172?
-68c
In base 9, what is 57813 - 5?
57807
In base 2, what is -110010110111 - 1110?
-110011000101
In base 13, what is 2 + 1947?
1949
In base 8, what is -27 - 2624?
-2653
In base 12, what is 1 - -89a2?
89a3
In base 4, what is -22 - 30111022?
-30111110
In base 9, what is 20 - 22007?
-21877
In base 11, what is -2 + 770501?
7704aa
In base 5, what is 10 - -11323314?
11323324
In base 15, what is 1 - 12d?
-12c
In base 6, what is -2214341 - -5?
-2214332
In base 12, what is 2456 - -108?
2562
In base 15, what is -ad450 + -1?
-ad451
In base 8, what is 403 - -1010?
1413
In base 4, what is 1 + -2222130100?
-2222130033
In base 10, what is -3 + 59609?
59606
In base 6, what is -34505 + 302?
-34203
In base 7, what is 3530 - 3?
3524
In base 14, what is 28d56 - 11?
28d45
In base 9, what is 5 + -21180?
-21174
In base 2, what is 11000011 + -10010100101?
-1111100010
In base 12, what is -4510 + -6b?
-457b
In base 2, what is -1111001 - -1000111001?
111000000
In base 5, what is -3 - 424343?
-424401
In base 7, what is 14351633 + 3?
14351636
In base 4, what is -1 + 13013003?
13013002
In base 7, what is -423 + 4535?
4112
In base 7, what is 3652 + 40?
4022
In base 4, what is -111 + -1300223?
-1301000
In base 15, what is 12 + -329?
-317
In base 14, what is -1 - 28a904?
-28a905
In base 9, what is -150 - -106?
-43
In base 4, what is 10303011032 + -1?
10303011031
In base 14, what is 19c3 + c?
19d1
In base 13, what is 3 + -ab0b8?
-ab0b5
In base 4, what is -13 + -122031103?
-122031122
In base 6, what is -14103 - 1020?
-15123
In base 11, what is -18a - -637?
458
In base 12, what is 26b2 + 42a?
2b20
In base 9, what is 22 - 3808?
-3776
In base 9, what is -3 + -418337?
-418341
In base 5, what is -311122 - 34?
-311211
In base 15, what is 35e - -3b5?
724
In base 2, what is 10100110100001100 - 100?
10100110100001000
In base 5, what is 2021 - -4214?
11240
In base 13, what is 203 + 45?
248
In base 4, what is 303223 + 11013?
320302
In base 7, what is -102 - 251142?
-251244
In base 2, what is 100 - -1101010111011?
1101010111111
In base 12, what is 319a3 + 0?
319a3
In base 7, what is -12422 + -254?
-13006
In base 16, what is -4 - -1643e?
1643a
In base 16, what is 109c3 + -11?
109b2
In base 9, what is -87 - -3233?
3135
In base 11, what is 112351 - 0?
112351
In base 9, what is -62571 - -12?
-62558
In base 4, what is 1113 + -103?
1010
In base 11, what is 2a + -13914?
-13895
In base 14, what is -103c + 17a?
-ca2
In base 8, what is -13310113 - -4?
-13310107
In base 3, what is -100101002 + -10212?
-100111221
In base 10, what is -27 + -12630?
-12657
In base 6, what is 0 - -150013?
150013
In base 13, what is c8ba - -5?
c8c2
In base 10, what is -107939 + 3?
-107936
In base 8, what is 1061 + -606?
253
In base 16, what is 14 - adc?
-ac8
In base 13, what is 1bc3 + 5?
1bc8
In base 15, what is -10b - 108?
-214
In base 6, what is 1110530 - 2?
1110524
In base 13, what is -3c67 + 622?
-3645
In base 8, what is -335677 - 3?
-335702
In base 16, what is -137 + 5c4?
48d
In base 8, what is -226452 + -1?
-226453
In base 8, what is -137 - 22152?
-22311
In base 5, what is -32000 + 4104?
-22341
In base 15, what is 54e + 41?
590
In base 5, what is -11130 - -1?
-11124
In base 11, what is 46 - a0?
-55
In base 14, what is 2c871 - 5?
2c86a
In base 13, what is -19 - 16a2?
-16bb
In base 7, what is -34 - -105634?
105600
In base 14, what is -26a84 - 4?
-26a88
In base 7, what is -130423221 - -